)?
3
Suppose 3*h - 14 = -o, 0 = o + 3*o + 2*h - 16. Let b be (o - 3 - -1)/1. Suppose b*u = 2*u - 4. What is the units digit of u?
2
Suppose -7*z + 696 = -3*z. What is the units digit of z?
4
Let b be (90/(-21))/(1/(-7)). Let v = b + -43. What is the tens digit of (-394)/(-26) + 2/v?
1
Suppose 0 = -9*c - c + 970. What is the units digit of c?
7
What is the tens digit of (255/(-15))/((-2)/6)?
5
Suppose -7*o - 137 = -991. What is the hundreds digit of o?
1
Let n(q) = q**3 - 10*q**2 + 2. Let s be n(10). Suppose -s*v + 68 = 4*w, -4*w - 196 = -5*v - w. Let u = 53 - v. What is the tens digit of u?
1
Let d(j) = 2*j**2 + 9*j - 11. What is the units digit of d(5)?
4
Suppose 26*i - 2321 = 15*i. What is the tens digit of i?
1
Let n(s) be the second derivative of -7*s**2 - s + 0 + 1/2*s**3. What is the units digit of n(11)?
9
Let v(b) = -14*b - 4. What is the tens digit of v(-3)?
3
Suppose r - 125 = -2*p - 0*r, -5*r - 305 = -5*p. What is the units digit of p?
2
Let w be 1 + ((-1 + -1)*1 - -4). Let k(u) = -u**2 - 9*u + 2. Let b be k(-4). Suppose n = -5*f + 2*f + b, -w*f = -15. What is the units digit of n?
7
Let m = 362 + -210. What is the units digit of m?
2
Let t(f) = f**3 - 3*f**2 + 3*f - 2. Let y = 20 - 16. What is the units digit of t(y)?
6
Let d = 23 - 18. What is the units digit of d?
5
Suppose 3*f + 4*g = 73, -5*g - 180 = -10*f + 5*f. What is the tens digit of f?
3
Suppose -12 = -4*z, -2*t - 3*z + 225 = -404. What is the hundreds digit of t?
3
Let c = 6 + -16. Let x(n) = n**3 + 11*n**2 + 12*n + 15. Let o be x(c). Let f = o + 14. What is the units digit of f?
9
Suppose 0 = 4*v - 2*l - 54, 3*l = -5*v + 21 + 41. What is the tens digit of v?
1
Suppose 0 = 13*o - 9*o - 44. What is the units digit of o?
1
Suppose 0 = -5*s + 2*s + 6. Let m be (-9)/(s + 1)*-1. What is the units digit of 38/m + 1/3?
3
Suppose -5*k + 4 - 9 = 0, k + 88 = 3*s. What is the units digit of s?
9
Let w = -10 - 30. Let j = w - -60. What is the units digit of j?
0
Let r = 123 - 40. What is the tens digit of r?
8
Let o = -3 - -39. What is the tens digit of o?
3
Let a = -19 + 58. Let r = 55 - a. What is the units digit of r?
6
Suppose 18 = o - 3*p, -6*o - 3*p = -3*o + 6. Suppose 2*a - 12 = -2*b, o*a = -4*b + 2*a + 24. What is the units digit of b?
6
Let s be 2*(-1 + 1/2). What is the units digit of (2 + -1)*(s + 2)?
1
Let c(a) = 20*a**2 + a - 1. Let k be 4/12 - 2/(-3). Let b be c(k). Suppose b = -0*u + 5*u. What is the units digit of u?
4
Suppose 4*a + v - 44 = 0, 0 = -3*a - 0*v + 5*v + 33. Let c = 19 + a. What is the tens digit of c?
3
Let h(g) = -g**3 + 10*g**2 + 15*g - 5. What is the tens digit of h(11)?
3
Let r(j) = -14*j - 20. What is the tens digit of r(-8)?
9
Let v = -2 - -2. Let o(h) = h**3 + h**2 - h + 12. What is the tens digit of o(v)?
1
Suppose 3*g - 89 - 10 = 0. What is the tens digit of 567/g + (-4)/22?
1
Suppose 0 = 7*x - 5*x - 214. What is the tens digit of x?
0
Let g(d) = 3 - 2*d**2 + d + 7*d**2 + 3*d**2 + d**3 + 7*d. What is the units digit of g(-6)?
7
Let a(m) = m**3 + 6*m**2 + m + 7. Let y be a(-6). Suppose 0 = t - 8 + y. What is the units digit of t?
7
Let k be 0 + 0 + (-2 - 0). What is the tens digit of 1/2*k + 11?
1
Let y = -9 + 13. Suppose -n = -1, -4*s + y = -3*s + 3*n. What is the units digit of s?
1
Let s(a) = 5*a + 5. Let q(g) = 14*g + 14. Let w(j) = 4*q(j) - 11*s(j). Let d(v) = 4*v + 5. Let o(n) = -d(n) + 3*w(n). What is the units digit of o(-7)?
5
Let m = 361 - 100. What is the hundreds digit of m?
2
Let k(r) = 4*r. Let b be k(1). Suppose z + 74 = 4*z - g, 3*z + b*g = 94. Suppose f = -f + z. What is the units digit of f?
3
Let m = 11 - 6. Suppose -2*r - 10 = -m*p + 3*r, 2*p = -2*r - 12. Let o = p + 3. What is the units digit of o?
1
What is the tens digit of 3/12 + 236/16?
1
Let i(s) be the second derivative of s**2 + 0 + 1/12*s**4 + 1/6*s**3 + 2*s. What is the units digit of i(-3)?
8
Let m(v) = -v**3 - 2*v**2 - 3*v + 4. Let c be m(-3). Suppose 3*t = -2*p + c, 0 = -4*p - 2*t - 2*t + 44. What is the tens digit of p?
1
Let h(s) = -5*s**3 + 23*s**2 - 14*s + 16. Let w(b) = -2*b**3 + 11*b**2 - 7*b + 8. Let q(r) = 3*h(r) - 7*w(r). Let x = 12 - 21. What is the units digit of q(x)?
0
What is the units digit of (0 - 3) + (-1209)/(-13)?
0
Suppose 0 = -4*j - 3*h + 268, 5*j - 4*h = 243 + 123. What is the tens digit of j?
7
Let s = -66 - -251. What is the units digit of s?
5
Suppose 3*n = -5*l + 77, -n = -3*l - 3*n + 46. What is the tens digit of l?
1
Suppose 4*r + 19 - 7 = 0. Let z = 19 + r. Suppose 3*w = w + z. What is the units digit of w?
8
What is the tens digit of (1 - 2)/((-2)/222)?
1
Suppose 5 = 4*c + c. What is the units digit of c?
1
Let r(n) = n**3 + 7*n**2 - 8*n - 12. Let j be r(-8). Let q = -7 - j. What is the units digit of q?
5
Let x(v) = -v + 0*v + 2 + 2. What is the units digit of x(-3)?
7
Let m = 21 - 11. Let u = m - 9. What is the units digit of (0 - -7)*u - 1?
6
Let o(h) = -h + 25. What is the tens digit of o(-11)?
3
Suppose 0 = -25*d + 20*d. Suppose d = -3*i - 6 + 24. What is the units digit of i?
6
Let i(a) = a**3 + 7*a**2 + 5*a - 4. Let m be i(-6). Let u be m + (0 - (-2)/(-1)). Suppose 0 = -u*o + 4*o - 20. What is the units digit of o?
5
Suppose 0 = w - 4*o + 16, -5*w = 3*o - 8 - 27. Let g = 1 + w. What is the units digit of g?
5
Let g be (8/4 - 0)*-1. What is the tens digit of g - -5 - 63/(-3)?
2
Let j = -3 - -9. Let i = j - 13. What is the units digit of i/(-3) + (-8)/(-12)?
3
Let t(m) = m**2 - m - 4. Suppose d = -0 - 8. Let r = d + 5. What is the units digit of t(r)?
8
Suppose 4*j - 54 - 342 = -4*d, j - 487 = -5*d. What is the tens digit of d?
9
Suppose -z + 9 + 2 = 3*u, -5*z = -5*u + 5. Let w(j) = 3*j - 1. Let d be w(2). What is the units digit of d*z*(-3)/(-6)?
5
Suppose 0*s - 1109 = -5*o + 2*s, -231 = -o + 5*s. What is the tens digit of o?
2
Let s(g) = -2*g - 4. Let m be s(-7). Let r(c) = c - 4. What is the units digit of r(m)?
6
Suppose 5*v + 33 = 4*d - 53, 0 = -3*d - 4*v + 49. What is the tens digit of d?
1
Let m(j) be the second derivative of j**6/720 + j**5/15 - j**4/3 + 2*j. Let w(y) be the third derivative of m(y). What is the units digit of w(-7)?
1
Let z be (-4)/(-6)*(1 + 8). Let j = 8 - z. What is the units digit of j/(6/15 - 0)?
5
Suppose -24 + 304 = 5*z. What is the tens digit of z?
5
Suppose 3*z - 84 = -4*a, -5*z - 101 = -3*a - 38. What is the tens digit of a?
2
What is the units digit of (-14)/(-42) - 22/(-6)?
4
Suppose 4*w + 6 = 2. Let g(v) = 5*v**2 + v**2 - 5*v**2 + 1 + 5*v**2. What is the units digit of g(w)?
7
Let b be 1*-2*(-2 - 0). Suppose -h - 52 = -2*z + 3*h, 2 = z + b*h. What is the tens digit of z?
1
Let b(o) be the third derivative of o**5/120 - o**4/24 - o**3/3 + o**2. Let k(z) be the first derivative of b(z). What is the units digit of k(4)?
3
Suppose -5*b = -126 + 36. What is the units digit of b?
8
Suppose 0 = 2*s - 3 + 13, 5*a - 5 = -4*s. Suppose -a*m + 21 + 4 = 0. Suppose 0*r = f + m*r - 1, 4*r - 20 = -4*f. What is the units digit of f?
6
Let f(k) = -56*k + 15. What is the units digit of f(-3)?
3
Suppose -3*v = 3*q, -2*v + 4*q + 8 = -16. Let t = 2 + v. Suppose 2*y + 24 = o + t*y, 0 = -5*o + 2*y + 54. What is the units digit of o?
2
Let g(l) = l**2 - 3*l - 5. Let k be g(5). Suppose 3*d - k*r + 18 = 0, -r + 5 = -d - d. Let c(b) = 6*b**2 + 1. What is the units digit of c(d)?
7
Suppose -4*y - 27 + 83 = 0. Suppose -20 = 5*t, 4*m + 2*t + y - 114 = 0. What is the units digit of m?
7
What is the units digit of ((-21)/6)/((-2)/8)?
4
Suppose -h - 7 = -q - 2*h, h + 1 = 0. Suppose -8 = -t + q. What is the units digit of t?
6
Let u(j) = 4*j**2 + 4*j + 7. What is the tens digit of u(-5)?
8
Let h(c) = c**3 + c + 37. What is the tens digit of h(0)?
3
Let a = 17 - 14. Suppose -a*y + 25 = -107. What is the tens digit of y?
4
Let v(k) be the third derivative of -k**4/24 - 2*k**2. Let o be v(0). Suppose -h - 3*h + 24 = o. What is the units digit of h?
6
What is the units digit of 64 + 2/2 + -3?
2
Suppose 4*p = 3*p - g, -3*p + 5*g - 8 = 0. Let z(l) = 28*l**2 + l. What is the tens digit of z(p)?
2
Let q(k) = -k + 6. Suppose -5*l = 5*v + 45, -v = l - 3*v - 6. Let h be (l - -1) + (-9)/(-3). What is the units digit of q(h)?
6
What is the units digit of (63/6)/(-7)*(-98)/3?
9
Suppose 2*h + 5*i = -40, 3*h - 3*i = -0*i - 102. Let j = 